{"id":1769,"date":"2025-09-26T20:49:41","date_gmt":"2025-09-26T18:49:41","guid":{"rendered":"https:\/\/kwartludium.com\/?page_id=1769"},"modified":"2025-09-26T20:49:42","modified_gmt":"2025-09-26T18:49:42","slug":"scena-ukrainska","status":"publish","type":"page","link":"https:\/\/kwartludium.com\/?page_id=1769","title":{"rendered":"Scena ukrai\u0144ska"},"content":{"rendered":"\n<p>Program:<br>\u2013 Marta Halad\u017cun \u2013 \u201eErosion\u201d na\u00a0klarnet basowy, perkusj\u0119, fortepian i skrzypce (2020)<br>\u2013 Karmella Cepkolenko \u2013 \u201eDuel \u2013 Duo nr 9\u201d na perkusj\u0119 i fortepian (2003)<br>\u2013 Bohdan Sehin \u2013 \u201eGamma Bootes\u201d na skrzypce i fortepian (2015)<br>\u2013 Anna Arkuszyna \u2013 \u201ePie\u015b\u0144 przysz\u0142ego cz\u0142owieka\u201d na klarnet, skrzypce, fortepian i instrumenty perkusyjne (2015)<br>\u2013 Kateryna Grywul \u2013 \u201eVydykh\u201d\u00a0na skrzypce, fortepian i elektronik\u0119 (2022)<br>\u2013 Zoltan Almaszi \u2013 \u201eEcho\u00a0uderzenia\u00a0w suchy \u015bwierk pospolity\u00a0w Rycerce G\u00f3rnej\u201d\u00a0na skrzypce, klarnet, fortepian i instrumenty perkusyjne (2015)<\/p>\n","protected":false},"excerpt":{"rendered":"<p>Program:\u2013 Marta Halad\u017cun \u2013 \u201eErosion\u201d na\u00a0klarnet basowy, perkusj\u0119, fortepian i skrzypce (2020)\u2013 Karmella Cepkolenko \u2013 \u201eDuel \u2013 Duo nr 9\u201d na perkusj\u0119 i fortepian (2003)\u2013 Bohdan Sehin \u2013 \u201eGamma Bootes\u201d na skrzypce i fortepian (2015)\u2013 Anna Arkuszyna \u2013 \u201ePie\u015b\u0144 przysz\u0142ego cz\u0142owieka\u201d na klarnet, skrzypce, fortepian i instrumenty perkusyjne (2015)\u2013 Kateryna Grywul \u2013 \u201eVydykh\u201d\u00a0na skrzypce, fortepian [&hellip;]<\/p>\n","protected":false},"author":1,"featured_media":0,"parent":0,"menu_order":0,"comment_status":"closed","ping_status":"closed","template":"","meta":{"footnotes":""},"class_list":["post-1769","page","type-page","status-publish","hentry"],"_links":{"self":[{"href":"https:\/\/kwartludium.com\/index.php?rest_route=\/wp\/v2\/pages\/1769","targetHints":{"allow":["GET"]}}],"collection":[{"href":"https:\/\/kwartludium.com\/index.php?rest_route=\/wp\/v2\/pages"}],"about":[{"href":"https:\/\/kwartludium.com\/index.php?rest_route=\/wp\/v2\/types\/page"}],"author":[{"embeddable":true,"href":"https:\/\/kwartludium.com\/index.php?rest_route=\/wp\/v2\/users\/1"}],"replies":[{"embeddable":true,"href":"https:\/\/kwartludium.com\/index.php?rest_route=%2Fwp%2Fv2%2Fcomments&post=1769"}],"version-history":[{"count":1,"href":"https:\/\/kwartludium.com\/index.php?rest_route=\/wp\/v2\/pages\/1769\/revisions"}],"predecessor-version":[{"id":1770,"href":"https:\/\/kwartludium.com\/index.php?rest_route=\/wp\/v2\/pages\/1769\/revisions\/1770"}],"wp:attachment":[{"href":"https:\/\/kwartludium.com\/index.php?rest_route=%2Fwp%2Fv2%2Fmedia&parent=1769"}],"curies":[{"name":"wp","href":"https:\/\/api.w.org\/{rel}","templated":true}]}}