{"id":61,"date":"2017-10-04T10:38:37","date_gmt":"2017-10-04T08:38:37","guid":{"rendered":"http:\/\/kwartludium.com\/?page_id=61"},"modified":"2024-10-09T21:58:12","modified_gmt":"2024-10-09T19:58:12","slug":"michal-gorczynski","status":"publish","type":"page","link":"https:\/\/kwartludium.com\/?page_id=61","title":{"rendered":"Micha\u0142 G\u00f3rczy\u0144ski"},"content":{"rendered":"<p align=\"JUSTIFY\"><span style=\"font-family: Times New Roman, serif;\"><span style=\"font-size: medium;\">klarnecista i kompozytor, absolwent Uniwersytetu Muzycznego Fryderyka Chopina. Zajmuje si\u0119 improwizacj\u0105 i interpretacj\u0105 muzyki wsp\u00f3\u0142czesnej. Jako solista wyst\u0119powa\u0142 z Kwartetem \u015al\u0105skim, Orkiestr\u0105 \u201eAukso\u201d i Filharmoni\u0105 Podlask\u0105. Od 2002 roku wsp\u00f3\u0142tworzy zesp\u00f3\u0142 Kwartludium, a od 2008 wsp\u00f3\u0142pracuje m.in. z \u201eTik Takiem\u201d Patrykiem Matel\u0105. Od 2013 roku realizuje projekt \u201emuzyka do j\u0119zyk\u00f3w\u201d, tworz\u0105c autorsk\u0105 muzyk\u0119 do j\u0119zyka jidysz, poezji japo\u0144skiej, perskiej i indonezyjskiej. <\/span><\/span><\/p>\n\n\n<p><\/p>\n","protected":false},"excerpt":{"rendered":"<p>klarnecista i kompozytor, absolwent Uniwersytetu Muzycznego Fryderyka Chopina. Zajmuje si\u0119 improwizacj\u0105 i interpretacj\u0105 muzyki wsp\u00f3\u0142czesnej. Jako solista wyst\u0119powa\u0142 z Kwartetem \u015al\u0105skim, Orkiestr\u0105 \u201eAukso\u201d i Filharmoni\u0105 Podlask\u0105. Od 2002 roku wsp\u00f3\u0142tworzy zesp\u00f3\u0142 Kwartludium, a od 2008 wsp\u00f3\u0142pracuje m.in. z \u201eTik Takiem\u201d Patrykiem Matel\u0105. Od 2013 roku realizuje projekt \u201emuzyka do j\u0119zyk\u00f3w\u201d, tworz\u0105c autorsk\u0105 muzyk\u0119 do j\u0119zyka [&hellip;]<\/p>\n","protected":false},"author":1,"featured_media":0,"parent":0,"menu_order":0,"comment_status":"closed","ping_status":"closed","template":"","meta":{"footnotes":""},"class_list":["post-61","page","type-page","status-publish","hentry"],"_links":{"self":[{"href":"https:\/\/kwartludium.com\/index.php?rest_route=\/wp\/v2\/pages\/61","targetHints":{"allow":["GET"]}}],"collection":[{"href":"https:\/\/kwartludium.com\/index.php?rest_route=\/wp\/v2\/pages"}],"about":[{"href":"https:\/\/kwartludium.com\/index.php?rest_route=\/wp\/v2\/types\/page"}],"author":[{"embeddable":true,"href":"https:\/\/kwartludium.com\/index.php?rest_route=\/wp\/v2\/users\/1"}],"replies":[{"embeddable":true,"href":"https:\/\/kwartludium.com\/index.php?rest_route=%2Fwp%2Fv2%2Fcomments&post=61"}],"version-history":[{"count":4,"href":"https:\/\/kwartludium.com\/index.php?rest_route=\/wp\/v2\/pages\/61\/revisions"}],"predecessor-version":[{"id":1558,"href":"https:\/\/kwartludium.com\/index.php?rest_route=\/wp\/v2\/pages\/61\/revisions\/1558"}],"wp:attachment":[{"href":"https:\/\/kwartludium.com\/index.php?rest_route=%2Fwp%2Fv2%2Fmedia&parent=61"}],"curies":[{"name":"wp","href":"https:\/\/api.w.org\/{rel}","templated":true}]}}